 - (-6 - 0))?
7
Let u(v) = -v**2 - 6*v - 2. Let t(n) = n**3 - 6*n**2 + 3*n + 6. Let q be t(5). List the prime factors of u(q).
2, 3
Let m = 126 - 10. What are the prime factors of m?
2, 29
Suppose 2*m + u + 3 = 0, -5*m + 0*u + u + 3 = 0. Let k(s) be the first derivative of s**3/3 + s**2/2 + 3*s + 1. List the prime factors of k(m).
3
Suppose 5 = 3*y - 97. Suppose -2*v - 8 = -y. List the prime factors of v.
13
What are the prime factors of (-28)/(-3)*(-24)/(-16)?
2, 7
Let u be (-1)/((2/6)/(-1)). Suppose 0 = -3*g + f + 3 + 4, u = 3*g + 3*f. Suppose 0 = 4*j - g*j - 4. List the prime factors of j.
2
Suppose 5*g + 5*z = 170, 4*z = 3*g + 5*z - 94. Suppose 12 = -k + g. What are the prime factors of k?
2, 3
Let k(b) = -2*b - 4. Let s be k(-4). Suppose -4*n - s*c = -3*n + 5, 5*c = -20. What are the prime factors of n?
11
Suppose -22 = 2*o + 30. What are the prime factors of o*((-6)/(-3))/(-4)?
13
Let h = 130 + -41. What are the prime factors of h?
89
Let l(v) = v**2 - v + 4. Let f be l(5). Let m = -14 + f. Suppose 0 = h + 5*t - 20, -2*h - 5*t + m + 15 = 0. What are the prime factors of h?
5
Suppose 0 = q - 0*q - 7. Suppose -4*i - 5*r + 22 = -q*r, i - 4 = r. What are the prime factors of 2/i + (-47)/(-7)?
7
What are the prime factors of (-28)/((-2)/(-2))*-1?
2, 7
What are the prime factors of ((-222)/4)/(-4 - 7/(-2))?
3, 37
Suppose 2*b = 4*b - 104. Suppose 0 = 4*t + a + b, 9 = t + a + 25. What are the prime factors of ((-28)/16)/(3/t)?
7
Let n(h) = -h**2 - 2*h. Let t be n(-1). Let y(r) = t - r - 3 + 1. What are the prime factors of y(-7)?
2, 3
List the prime factors of -1*(-10)/(-25)*-380.
2, 19
Suppose 4*h - 23 = 705. List the prime factors of h.
2, 7, 13
Let q = 166 + -114. List the prime factors of q.
2, 13
Let y = -3 - -8. Suppose 3*d + y - 47 = 0. What are the prime factors of d?
2, 7
Suppose -5*a = -59 - 91. List the prime factors of a.
2, 3, 5
Suppose 2*y = 140 + 282. What are the prime factors of y?
211
Suppose -i - 2*d - 2 = 0, -5*d - 80 = -5*i - 15. What are the prime factors of i?
2
Let g(o) = o - 10. Let v be g(8). List the prime factors of 24/16 + (-65)/v.
2, 17
Let s(v) = -v**3 + 8*v**2 + v. Let r be s(8). Let b(x) = -x**2 + 11*x + 7. What are the prime factors of b(r)?
31
Let p(y) = -y + 11. What are the prime factors of p(-4)?
3, 5
Let w(r) = -13*r**3 - 4*r**2 - 4*r - 3. Let c(l) = 12*l**3 + 5*l**2 + 5*l + 4. Let m(o) = 3*c(o) + 4*w(o). List the prime factors of m(-1).
2
Suppose 0*d = 3*d - 90. List the prime factors of d.
2, 3, 5
Let d(m) = m**3 - 4*m**2 - 3*m + 2. List the prime factors of d(5).
2, 3
Let w = 13 - 8. Let s(c) = c**3 - 9*c**2 + 9*c - 1. Let l be s(8). Suppose -w*g + 1 + l = 4*y, -y - 3 = 0. What are the prime factors of g?
2
Let w = -11 + 5. Let s = w - 8. Let d = s - -25. List the prime factors of d.
11
Suppose 14*s + 341 = 2301. List the prime factors of s.
2, 5, 7
Suppose 0 = -h + p + 35, -5 = -4*p + 7. What are the prime factors of h?
2, 19
Suppose 3*m = -1 - 2. Let f be 6 - 0/((-3)/m). Let r = f - -6. List the prime factors of r.
2, 3
Let p(w) = -2*w + 34. List the prime factors of p(16).
2
Suppose -298 = -3*n + 4*l, 5*l + 15 - 108 = -n. What are the prime factors of 7*7/(n/4)?
2
Suppose 3*m + m - 104 = -3*y, 108 = 4*m + 4*y. List the prime factors of m.
23
Let c = 76 - 54. List the prime factors of c.
2, 11
Suppose 4*f + 0*j - 2 = 3*j, 3*f + 2 = 4*j. Let v(x) = 4*x - 3. Let r be v(f). Suppose -3*y - t = 2*t - 69, 97 = 4*y + r*t. List the prime factors of y.
2, 3
Let g be (1 + 0)*(-6 - -6). Let k(s) = s**3 - 2*s**2 + 2*s + 1. Let n be k(3). Suppose -2*h = -g*h - n. List the prime factors of h.
2
Suppose 10 = 5*k - 15. Suppose 21 = -k*h + d + d, -2*h = 5*d - 9. Let p(t) = 2*t**2 + 3*t - 1. List the prime factors of p(h).
2
Let n be 336/(-30) - (-1)/5. Let r(b) = -b**2 - 14*b - 4. List the prime factors of r(n).
29
What are the prime factors of 947/13 + 4/26?
73
Let y be 1*-1*(-2 - -3). Let p be (1 + y + 1)*-1. Let j = p + 9. What are the prime factors of j?
2
Let i be 9/(-3)*(-8)/6. Suppose 4*r - 96 = i*x, -r + 3*x = -2*r + 44. List the prime factors of r.
29
List the prime factors of 2408/104 + (-2)/13.
23
Suppose 0 = -s - 0*s + 9. Suppose -2*x + 3 + s = 0. Suppose 2*k = -2*j + 26, -2*j - 50 = -x*j - 2*k. What are the prime factors of j?
2, 3
Let y be (-33 + (-16)/(-4))*1. Let b = y - -51. List the prime factors of b.
2, 11
Let r(v) = -4*v - 8. Let t(y) = 12*y + 23. Let k(h) = 17*r(h) + 6*t(h). List the prime factors of k(7).
2, 3, 5
Let f = -5 + 7. Suppose -f*v + 24 = -0*v. List the prime factors of v.
2, 3
Suppose -4*j - 71 + 19 = -2*u, 2*u + 5*j = 88. List the prime factors of u.
2, 17
Let u(x) = 68*x**2 + x + 1. List the prime factors of u(-1).
2, 17
Let d(s) = -5*s - 2. Let m be d(-2). Let w(v) = -v**2 + 8*v + 10. What are the prime factors of w(m)?
2, 5
Let n = -10 + 10. List the prime factors of 27 - (-1)/(-1) - n.
2, 13
Let y = 2 - 12. Let s be ((-4)/(-9))/(-2) + (-1820)/(-90). Let i = y + s. List the prime factors of i.
2, 5
Suppose -5*d = 4*v - 6*d - 62, d = 2. Let x = 7 + -13. What are the prime factors of (-6)/(v/x + 2)?
3
Suppose 5*z - 7 = 3*i - 21, 6 = z - 5*i. Let x = z - -12. What are the prime factors of x?
2
Let m = 13 + 85. List the prime factors of m.
2, 7
Let k = -7 - -13. Suppose 3*r - k = 5*d - 16, -2*d + 2*r = 0. List the prime factors of d.
5
Suppose r = -6 - 6. Let c = 24 + r. List the prime factors of c.
2, 3
Suppose 3*v - 39 = -5*s, s + 60 = 3*v - s. List the prime factors of v.
2, 3
Let u = 15 - 11. Let x = 10 - u. What are the prime factors of x?
2, 3
Suppose -3*l - 24 = 27. Let g = l + 26. What are the prime factors of g?
3
Suppose 2*c + 358 = 5*n, n - 3*c = -6*c + 75. What are the prime factors of n?
2, 3
Let w(o) = -o**2 - 5*o + 5. Let r be w(-5). Suppose -r*q = -4*n + 24, 2*n + q = 4*n - 18. What are the prime factors of n?
11
Suppose 9*t - 878 + 59 = 0. List the prime factors of t.
7, 13
Let g be (-2)/4 - 38/4. Suppose -26 = -5*p + 2*o, -4*p + 20 + 10 = 3*o. List the prime factors of (g/3)/(p/(-9)).
5
Let z = 11 - 7. Let i(b) = -5*b. Let a be i(-1). Suppose -65 = -3*t - z*s, -s + 0*s = -a*t + 93. List the prime factors of t.
19
Let i(g) = 11*g**2 + 2*g + 4. List the prime factors of i(-3).
97
Let l = 611 - 372. List the prime factors of l.
239
Let b = 26 - -24. Suppose 3*r = -8 + b. What are the prime factors of r?
2, 7
List the prime factors of (91/14 - 5)*(-184)/(-3).
2, 23
Let p(x) = x**2 - x - 1. Let k(y) = -3*y - 1. Let g(w) = -k(w) + p(w). Let s be g(-3). Suppose 21 - 3 = s*z. What are the prime factors of z?
2, 3
Let z = 6 - -26. What are the prime factors of z?
2
Let d(n) be the third derivative of 0 + 1/15*n**5 + 0*n + n**2 + 1/6*n**4 + 1/3*n**3. What are the prime factors of d(-2)?
2, 5
Let b(g) = g**3 + 6*g**2 + 4*g + 2. Let p = 7 - 4. Let f = p - 8. What are the prime factors of b(f)?
7
Suppose 2*q - n - 80 = 0, 0*q + n = 5*q - 206. What are the prime factors of q?
2, 3, 7
Let p(w) = -16*w**3 - w**2 + 1. Let t be p(-1). What are the prime factors of (-14)/1*(-8)/t?
7
List the prime factors of (-3)/15 - (-2 + (-2372)/10).
239
Let l be 789/9 - (-2)/6. Suppose -8 + l = 4*j. Let z = -4 + j. What are the prime factors of z?
2
Suppose -3 = 5*o - 8. Let i(q) = -3*q**3 + q + 2. Let t(b) = -b**3 - 1. Let g(c) = o*i(c) - 4*t(c). What are the prime factors of g(0)?
2, 3
Let h(m) = m**3 - 2*m**2 + 1. Let u be h(2). What are the prime factors of 14/(-7)*(u + -8)?
2, 7
Let r be (-112)/(-21) - 2/6. List the prime factors of (-1 + r)/((-4)/(-18)).
2, 3
Let h be (-2)/(-1) - (37 - -4). Let a = -22 - h. Suppose -2*n = a - 47. What are the prime factors of n?
3, 5
Suppose -c - 33 = -4*c. What are the prime factors of c?
11
What are the prime factors of 2 - -3*(-3)/(-9)?
3
Suppose 2*x = 3*x - 100. Suppose 2*k + 112 = 5*o, -4*o + 0*k = k - x. List the prime factors of o.
2, 3
Let n be -2 + -1 + -1 + 2. Suppose 0 = 2*i + 17 + 13. List the prime factors of (i/10)/(n/4).
3
Let r = 5 - 3. Let c be (-75)/(-27) - r/(-9). Suppose -3*t = 5*s - 55, c*s - 19 = -t + 10. List the prime factors of s.
2
Let q = 137 - 106. List the prime factors of q.
31
Let i(a) be the second derivative of -a**4/12 - 2*a**3/3 + a**2 - a. What are the prime factors of i(-4)?
2
Let p be 1/(2 - 3) - -1. Suppose -5*c + 5*